 What is the units digit of z?
8
Let u(w) = -6*w - 1. Let p = -44 - -37. What is the tens digit of u(p)?
4
What is the tens digit of -4*(-6 - -7)*-43 - 0?
7
Let g(v) be the third derivative of v**5/60 - 23*v**4/24 - 29*v**3/6 + 6*v**2. What is the units digit of g(30)?
1
Suppose 3*s - 3 = -0*s. Suppose n - 101 = 5*i, 7*n + 2*i - 388 = 4*n. Suppose -5*k = -4*k - s, 5*b - n = 4*k. What is the units digit of b?
6
Let a = 142 - 212. Let r = 43 - a. What is the units digit of r?
3
Suppose 0 = -y + 5*g + 451, 3*g + 114 + 1239 = 3*y. What is the hundreds digit of y?
4
Suppose 5*k = -2*t + 4094, -57*t - 2*k - 8164 = -61*t. What is the hundreds digit of t?
0
Suppose 818 = -2*d - 3*v + 143, -2*d - 715 = -5*v. What is the tens digit of -1 + (-2)/3*d/2?
1
Let d = -1 + -2. Let o be 250/(-15) + d/9. What is the tens digit of (o/(-5))/((-1)/(-5))?
1
Let z = -1876 + 2993. What is the hundreds digit of z?
1
Let v(u) = u**3 + 19*u**2 + 9*u - 236. What is the units digit of v(-16)?
8
Let t = 129 - -974. What is the units digit of t?
3
Let v(c) = 24 + 11*c + 12 + 7. What is the units digit of v(6)?
9
Let w be (-130)/(-39)*(-6)/4. Let j(f) = 9*f. Let r(o) = o. Let c(u) = -5*j(u) + 40*r(u). What is the units digit of c(w)?
5
Let u(q) = q**3 + 14*q**2 - 6*q - 18. Let v = -20 - -33. Let t = v - 27. What is the tens digit of u(t)?
6
Suppose -3*k + 582 = 171. Let b = k - 55. What is the units digit of b?
2
Let a(z) = 20*z**2 + 2*z - 4. Let t(o) = 10*o**2 + o - 2. Let u(i) = 4*a(i) - 7*t(i). Let x(j) = -j + 2. Let b be x(0). What is the units digit of u(b)?
0
Let n be 2/4*-2*0. Let h = 2 - n. Suppose 2 = -2*b, h*b + 10 = 3*j - 58. What is the tens digit of j?
2
What is the hundreds digit of 15630/20 + (-55)/(-22)?
7
Let u be 1 - 0 - 518*5/10. Let h = -81 - u. What is the tens digit of h?
7
Let a = 37 + -31. Suppose 3*d - 36 = -a*d. What is the units digit of d?
4
Suppose 0 = -5*c - 4*i + 2323, 6*c - 2*i - 3623 + 849 = 0. What is the hundreds digit of c?
4
What is the thousands digit of 108472/32 - 4/(-16)?
3
Let q = 102 + -70. Suppose 2*x - q = -14*x. What is the units digit of x?
2
Let j be (-3 - (-8)/(-1))/(-2 - -3). Let f = -2 - j. What is the units digit of f?
9
Let g = 158 + -36. Suppose -2*r + 5*u = -25, 4*u - 34 = 4*r - 6*r. Suppose 0 = 13*i - r*i + g. What is the units digit of i?
1
Suppose 4*j + 3*r + 4086 = 7*j, 2*j + r - 2727 = 0. What is the hundreds digit of j?
3
Let h = 153 + -207. Let y(c) = c**2 - 3*c - 7. Let v be y(5). Let z = v - h. What is the units digit of z?
7
Suppose -1 + 43 = -5*r + 4*x, -3*x + 15 = -r. What is the tens digit of 9/6 - 309/r?
5
Suppose -3*s - g + 14 = 0, -3*g = -2*s + g + 14. Suppose 0 = 9*a - s*a - 4. What is the units digit of a?
1
Let z(r) = 2*r**3 + 2*r + 4. Let g(c) = -3*c - 6. Let x be g(-3). What is the units digit of z(x)?
4
Let q = -194 + 271. Let i = -53 + q. What is the units digit of i?
4
What is the hundreds digit of ((-4884)/10 + 5)*-5?
4
Let j(r) = 5*r - 50. Let u(v) = -v**3 + 4*v**2 + 6*v - 6. Let a be u(3). What is the units digit of j(a)?
5
Suppose y - 4*i + 33 = 0, 179 = -5*y + 4*i + 14. Let s = 151 + y. What is the units digit of s?
8
Suppose 69 = -4*k + 5*b, -3*k + b - 48 = -2*b. Let z be 72/(-4)*k/2. Suppose 4*j = z + 17. What is the tens digit of j?
2
Let n(q) = -88*q + 94. What is the tens digit of n(-13)?
3
Suppose -3 = -2*u + 3. Suppose j + u*z - 123 = -j, 3*z - 249 = -4*j. What is the units digit of j?
3
Let h be (-3)/12 - (-51)/12. Suppose 2088 = 16*b - h*b. What is the tens digit of b?
7
Let k be ((-729)/(-6) + 2)*6/(-3). Let r = 353 + k. What is the hundreds digit of r?
1
Let r = -8 + -56. Let h = r - -99. Suppose 4*m - 57 = x, m - 5*x - h = 3. What is the tens digit of m?
1
Let g(d) = 8*d**3 - 4*d**3 - 7*d - 3*d**3 + 2*d**2 + 8 - 7*d**2. Let z be g(6). What is the units digit of (-4 - 11)*z/(-6)?
5
Let g be 1096/(-6)*18/(-4). What is the tens digit of (-2)/6 + (g/9 - 1)?
9
Let g(f) = 11*f - 171. What is the hundreds digit of g(43)?
3
Suppose 2*a - 50 = -2*y, -4*a = -y - 0*y + 30. Let u = y + -58. What is the units digit of (3/4)/((-4)/u)?
6
Let n(i) = i**2 + i. Let m be n(2). Suppose 4*x + 3*w = 257, m*x - 319 = x - 3*w. Suppose -5*r - 2*q + 33 = -43, -q + x = 4*r. What is the tens digit of r?
1
Let t(r) = -r + 2. Let o be t(2). Suppose -3*f - 4*d - 10 = o, -4*f = d + d + 10. Let v(i) = -36*i - 4. What is the units digit of v(f)?
8
Suppose 35512 + 25184 = 24*l. What is the tens digit of l?
2
Let w be 2 + -1 + 5 + 24. Let a = 30 - w. Suppose a = 2*x - x - 2, 0 = b - 4*x - 15. What is the tens digit of b?
2
Suppose -4*x = 3*q - 63, 0 = -2*x + x - q + 17. What is the units digit of 3 + (9/x - 123/(-12))?
4
Suppose 20 = -0*k + 5*k. Suppose k*b = 4*y + 33 + 131, 0 = -b + 5*y + 33. Let l = -6 + b. What is the units digit of l?
7
Let i = 6484 - 3045. What is the units digit of i?
9
Let v(h) = -h**2 - h + 1. Let n(a) = 2*a**2 + 3*a - 11. Let r(l) = -n(l) - 3*v(l). What is the units digit of r(0)?
8
Let f(q) = -1 + 3*q + 2 + 0. Let i be f(2). Let z = 24 - i. What is the tens digit of z?
1
Let c(h) = h**3 - h. Let l be c(0). Suppose -4*v = -s + 31, 4*s + v = -l*s + 141. What is the tens digit of s?
3
Suppose 5*w - 26226 = -4*w. What is the units digit of w?
4
Suppose 4*c - 16 = 0, -k + 3*c = -3*k + 16. Suppose 7*v - k*v = 3*q - 42, 3*q + 2*v = 63. What is the units digit of q?
9
Suppose -3*b + 393 = -3*d, 136 + 261 = 3*b - 2*d. Let t = b - 55. What is the tens digit of t?
8
Suppose 2*j + 5093 = 4*s + 5*j, -2*s - 5*j + 2557 = 0. What is the hundreds digit of s?
2
Let w(u) = -u**3 - 16*u**2 + 10*u - 29. Let b be w(-17). Suppose o - 215 = -o + h, -4*h - b = -o. What is the units digit of o?
0
Let w be (4/((-16)/(-30)))/(1/2). Suppose 0 = -3*g + 219 - w. What is the units digit of g?
8
Suppose 8 = 2*s - 2. Suppose s*l - l - 328 = 0. Let h = l + -59. What is the tens digit of h?
2
What is the hundreds digit of 2/((-11820)/1689 - -7)?
1
Let q(w) = -2*w**3 + 27*w + 20. What is the thousands digit of q(-9)?
1
Let v be 2157/3 - (-3 - -2). Suppose -5*o = -w - 5, 2*w = -3*o + 13 + 3. What is the units digit of -7*(v/(-28))/w?
6
Let k = 34 + -29. Suppose 3*b + 21 = 3*u, -35 = -5*u + 3*b - k*b. What is the units digit of u?
7
Suppose 3*o - 15*o + 36 = 0. What is the tens digit of 265*(-12)/(-30) + o*1?
0
Suppose -17*r = -14*r - 36. Let f = -2 + 7. Suppose -46 + r = -d + v, 2*d - f*v - 59 = 0. What is the tens digit of d?
3
Let z(v) = -3*v**3 - 14*v**2 - 42*v + 22. What is the tens digit of z(-10)?
4
Suppose -3*h = -h - 24. Suppose 0 = -4*t - h, 5*x = x - 5*t - 3. Suppose -4*z = x*o - 58, 2 = -o + z + 3*z. What is the tens digit of o?
1
Suppose -c - o = 4*o - 14, -c - 4*o = -9. Let v(d) = d**2 + 9*d - 11. What is the units digit of v(c)?
1
Let a(n) = 4*n - 10. Let y be a(8). What is the tens digit of y/77 + 32/(-14) + 53?
5
Let w = -455 + 3925. What is the units digit of w?
0
Let r(a) = a**3 + 27*a**2 - 9*a + 46. What is the tens digit of r(-24)?
9
Let q(r) = 10*r - 104. What is the tens digit of q(12)?
1
Let x be 1*(-4)/(-10) - 1360/25. Let i = 55 + x. What is the units digit of i?
1
What is the units digit of 7/(-21) + (-3496)/(-12)?
1
Let y(z) = -z**3 - 17*z**2 - 45*z + 12. What is the tens digit of y(-20)?
1
Suppose 10 - 50 = -5*i. Let p be (5 + 0)/(-7 + i). Suppose 7 = -4*l + p*l. What is the units digit of l?
7
Let q(d) = -2*d - 64. Let w be q(-14). What is the units digit of (-192)/w*6/4?
8
What is the tens digit of (30566/(-85))/((-6)/5 - -1)?
9
Let f = -12 + 26. Let q = f - 12. Suppose q = -4*b + 22. What is the units digit of b?
5
Suppose 37*y = -5625 + 60829. What is the thousands digit of y?
1
Suppose 6 + 6 = 4*x. Suppose 0 = 3*z + f - 1 - x, 0 = -2*z + f + 11. Suppose -105 = -z*l - 24. What is the tens digit of l?
2
What is the hundreds digit of -1 - -4 - (91 + -294)?
2
Suppose 0 = -5*t + 5*a + 3930, 3*t - 7*t + 5*a + 3148 = 0. What is the units digit of t?
2
Let h be (-1)/(-2*3/(-132)). What is the units digit of (-3)/((-42)/h + -2)?
3
What is the hundreds digit of (1182 - -1) + (-3 - -3)*-1?
1
Let s = 11 + -11. Suppose -4*v = -b - 2*b + 14, -5*v + 5*b - 20 = s. What is the tens digit of (1 - (-54)/(-4))*v?
2
What is the units digit of (-6)/99*3 - 588888/(-198)?
4
Let n(d) = d + 6. Let h(k) be the first 